re the prime factors of c?
13
Let f = 4 + -4. Let c be (-42)/(-5) - (-2)/(-5). Suppose f = 4*r + 8 + c, 0 = -4*o - 4*r - 4. What are the prime factors of o?
3
Let o(r) = -r**3 - 9*r**2 - 16*r + 9. What are the prime factors of o(-7)?
23
Let d be 1/1 - 12/3. Let p(o) be the first derivative of o**3/3 + 3*o**2/2 + 2*o - 2. List the prime factors of p(d).
2
Suppose -5*f + 3*c = -133, -c = -5 + 1. List the prime factors of f.
29
Let o be (1/(-3))/(4/(-36)). Suppose -j + 76 = 4*d, -o*j + 48 = 4*d - d. What are the prime factors of d?
2, 5
Let m(r) be the third derivative of r**6/120 + r**5/15 - r**4/24 + 4*r**2. List the prime factors of m(-2).
2, 5
Suppose 6*n = 10*n - 292. List the prime factors of n.
73
Let r(s) = s**2 + 10. Let a be 14/21 - 16/(-3). What are the prime factors of r(a)?
2, 23
Let g be (-186)/(-9) + 2/6. What are the prime factors of g*(-1 + 2) + 3?
2, 3
Let i = 50 + -11. List the prime factors of i.
3, 13
Let r(q) = 12*q + 3. Let w(j) = -4*j - 4. Let x be w(-2). List the prime factors of r(x).
3, 17
Let j = 66 + -8. List the prime factors of j.
2, 29
Let b(q) = -q**2 + q. Let i be b(-2). Let k = i - -8. Suppose -10 = -f + k. List the prime factors of f.
2, 3
Suppose -4*v = 2*s + 2, -2*v - s = v - 1. Suppose -2*k + 30 = 2*h + v*h, -h = 2*k - 3. What are the prime factors of h?
3
Let h = 7 - 5. Let g(x) = 3*x**2 - 3*x + 2. List the prime factors of g(h).
2
Suppose -2*o + 7*o = 15. Let y = 20 - 5. Suppose -y = -o*u - 6. What are the prime factors of u?
3
Let j be (2 - (2 + 0))/1. Suppose -3*g + 0*g = j. Suppose -k + 2*k - 6 = g. List the prime factors of k.
2, 3
Suppose c = 5*d + 124, 5*c + 80 = -3*d - 0*d. Let a = -41 - d. Let q = -9 - a. What are the prime factors of q?
7
Suppose -k = -0*k - 6. Suppose w - 3*w = -k. What are the prime factors of (-56)/(-21)*w/4?
2
Suppose -3*c - 2*n = -3*n - 14, -c - 4*n - 4 = 0. Suppose p - d - 39 = 2, 0 = c*p - d - 158. List the prime factors of p.
3, 13
Let q = -5 - -7. Let f be q/8 + (-196)/16. List the prime factors of 1 + (-4)/(f/33).
2, 3
Suppose -g = -3*g - 20. Let l = -5 - g. List the prime factors of l.
5
Suppose 0*d + 3*f = 5*d - 178, -3*f = 3. Suppose 2*v + d = 3*n, 3*n + 2*n + 5*v - 100 = 0. List the prime factors of n.
3, 5
Let k(j) = 5*j**3 - 5*j**2 - 2*j - 5. Let x(z) = z**3 - z**2 - 1. Let w(q) = k(q) - 6*x(q). List the prime factors of w(-2).
17
Let s(y) = -y**3 + 1. Let z be s(1). Let t(v) = 7 + 1 - 3*v + z - 3*v + v**2. What are the prime factors of t(7)?
3, 5
Let z be 1 - -2*(-1 - -2). Suppose z*d + 36 = 3*o, -5*o + 2*d + 16 + 35 = 0. What are the prime factors of o?
3
Let c(q) = 7*q + 34. What are the prime factors of c(8)?
2, 3, 5
Let n(x) = x + 2. Let p be n(-6). Let f(l) = 0 - 5 - 2*l - 1 + 4. What are the prime factors of f(p)?
2, 3
Let l(d) = -25*d + 1. Let k be l(-1). Suppose -2*b + b - 5*y - k = 0, -5*b = -y. What are the prime factors of b*10*(0 - 1)?
2, 5
Let d(v) = 4*v**2 - 11*v + 15. What are the prime factors of d(6)?
3, 31
Let g(i) be the first derivative of 1 + 7*i + 1/2*i**2. List the prime factors of g(0).
7
Suppose 5*l = 3*p - 39 + 13, -4*l - 12 = 2*p. What are the prime factors of (-24)/(-15)*10/p?
2
Let y = -25 - -82. List the prime factors of y.
3, 19
List the prime factors of ((-10)/20)/(2/(-444)).
3, 37
Let z be 6/15 - 72/(-20). Suppose -2*r - 30 = -2*g - z*r, 75 = 5*g + 2*r. What are the prime factors of g?
3, 5
Suppose 10*k - 3026 = -7*k. List the prime factors of k.
2, 89
Let c be (-76)/(-28) + (-2)/(-7). Suppose 2*o = 5*m - m + 26, 31 = c*o - 2*m. Suppose 0 = -5*g + 16 + o. List the prime factors of g.
5
Suppose -4*p = 2*l - 90, -5*l - p = -3*p - 237. List the prime factors of l.
47
Let p = 398 + -141. What are the prime factors of p?
257
Suppose -t - 9 = -4*t. Let q = 8 - t. List the prime factors of q.
5
List the prime factors of (-44)/(-12) - 2/3.
3
Suppose 20 = -8*j + 3*j. List the prime factors of -3 - (-1 - (36 - j)).
2, 19
What are the prime factors of 4*-4*(-55)/20?
2, 11
Let z(r) = -r**3 + 6*r**2 - 3*r + 9. What are the prime factors of z(4)?
29
Let w(d) = -4*d + 0*d - 2*d + 4*d - 5*d**2 - 10. Let o(u) = 11*u**2 + 4*u + 21. Let n(i) = 6*o(i) + 13*w(i). List the prime factors of n(6).
2, 5
Suppose -4*h = -g + 129, 0 = -g + 4*g + 3*h - 417. What are the prime factors of g?
137
Let u = -1 - -2. Let m be 2 + (0 - (1 - -3)). Let h = u - m. List the prime factors of h.
3
Suppose -4*z - z = 50. Let y(p) = p + 8. Let g be y(z). List the prime factors of (g - -4)*1 + 0.
2
Suppose 147*a = 142*a + 950. List the prime factors of a.
2, 5, 19
Suppose 3*l = -5*j + 233, -3*j + 5*l = -0*j - 133. List the prime factors of (j/(-5))/(4/(-10)).
23
Suppose 3*l = -3*m - 27, -2*l + 3*m = -4*l - 22. Let j = 0 - l. List the prime factors of j.
5
Suppose 0*l - 20 = -2*l. What are the prime factors of l?
2, 5
Let t = -6 + -5. Let d = t - -15. What are the prime factors of d?
2
Let k(l) = l**2 + 4*l - 4. Let m be k(-5). Suppose 2*g - 7 = -m. Suppose -g*v + 16 = v. What are the prime factors of v?
2
Let j(t) = -6*t**3 - 5*t**2 - 11*t - 7. What are the prime factors of j(-4)?
11, 31
Let f(p) be the second derivative of -p**5/20 + p**4/12 + p**3/6 + 7*p**2 - 2*p. Let j be f(0). Let g = j + -6. What are the prime factors of g?
2
Let s be (-66)/(-4) + 1/(-2). Suppose 4*b + s = v, v + 0*b + b - 31 = 0. What are the prime factors of v?
2, 7
Let n(l) = 6 + 0*l - 2*l + l**2 + 4*l. What are the prime factors of n(-5)?
3, 7
Suppose 4*i - 12 + 0 = 0. Suppose -3*a + 5 = 2. Let r = i + a. What are the prime factors of r?
2
Suppose -j + 5*q = -235 + 80, -2*q = -3*j + 452. List the prime factors of j.
2, 3, 5
Let s = -17 + 114. List the prime factors of s.
97
Suppose 10 = -3*g + 2*v, 2*g + 0*g - 10 = -2*v. Suppose g = -3*q + 4*q - 27. List the prime factors of q.
3
Let f(c) = c**2 - 4*c - 7. Let l be f(-7). Let b = 122 - l. What are the prime factors of b?
2, 13
Let k(r) = -r**3 - 5*r**2 - 5*r - 1. Let q be k(-4). Suppose -4*s - 4*o + 112 = -q*o, -2*o = -s + 28. List the prime factors of s.
2, 7
Let f = -111 + 211. List the prime factors of f.
2, 5
Suppose -i - 13 = -5*w, 4*i = 5*w - 1 - 6. What are the prime factors of w?
3
Suppose -24 + 6 = -2*q. What are the prime factors of q?
3
Suppose -143 = -7*w + 4*w - 5*u, 112 = 2*w - 5*u. What are the prime factors of w?
3, 17
Let i(u) = 13*u**2 - 3*u + 2. Let a = 2 + 0. Let w be i(a). Suppose -6*p = -5*p - 5*j - 30, -2*j - w = -4*p. What are the prime factors of p?
2, 5
Suppose 441 = 11*w - 4*w. What are the prime factors of w?
3, 7
Suppose x + 9 = 27. Let b = x + -9. What are the prime factors of b?
3
Suppose -116 = -4*a + 3*t, -a = -6*a - 4*t + 145. What are the prime factors of a?
29
Suppose 3*k + k + 496 = 0. What are the prime factors of 1/4 - k/16?
2
Let y = 62 + -15. What are the prime factors of y?
47
Let b(q) = -30*q + 5 + 4 - 1 - 6. What are the prime factors of b(-1)?
2
Let j be -1*87/(12/(-4)). Suppose p + 23 = k, 2*k = 3*p + j + 22. List the prime factors of k.
2, 3
Let a(q) = -q**3 - 18*q**2 + 12*q - 14. List the prime factors of a(-19).
7, 17
Let u = -133 - -217. List the prime factors of u.
2, 3, 7
Let t be (4/(-6))/(2/9). Let i = t - -11. List the prime factors of i.
2
Suppose 4 + 6 = 2*u - 5*c, -u - 4*c = 21. List the prime factors of (-2)/(-10)*-28*u.
2, 7
Let p = 7 + -5. Let q be p*3/(2 - -1). Suppose -3*u = f - 43, 73 = 5*u + f - q. List the prime factors of u.
2
Suppose 5*x = 3*t + 2, 4*t = -5*x + 6 + 38. Let b be 116/t - 2/(-3). Suppose 2*s = b + 12. What are the prime factors of s?
2
What are the prime factors of (-56)/(-1 - (1 + -1))?
2, 7
Suppose -q = -2*b - 5*q + 148, 5*q + 244 = 4*b. List the prime factors of b.
2, 3, 11
Let n(w) be the third derivative of w**6/120 - w**5/20 + w**4/8 - w**3/6 - 2*w**2. Let y be n(4). Let c = y - 15. What are the prime factors of c?
2, 3
Suppose 3*g = 4*g + 6. List the prime factors of ((-38)/g)/(1/3).
19
Let c(x) = x. Let v be c(4). Suppose 3*j - 3 = -3*m, -2 + v = j + 2*m. Suppose -3*z + 9 = -3*h, -5*h + j*h = -2*z - 6. List the prime factors of z.
7
Suppose -6 + 2 = -4*i. Let c = 5 - i. What are the prime factors of c?
2
Let d = -3 + 26. List the prime factors of d.
23
List the prime factors of (176/10)/(4/20).
2, 11
Suppose 0 = -0*u - 3*u + 75. Suppose u = 3*j + 2*j. List 